{"id":34,"date":"2021-05-20T00:26:34","date_gmt":"2021-05-20T00:26:34","guid":{"rendered":"https:\/\/aholab.ehu.eus\/aholab-gtts\/?page_id=34"},"modified":"2021-05-20T13:07:32","modified_gmt":"2021-05-20T13:07:32","slug":"areas-de-interes","status":"publish","type":"page","link":"https:\/\/aholab.ehu.eus\/aholab-gtts\/areas-de-interes\/","title":{"rendered":"\u00c1reas de interes"},"content":{"rendered":"\n<div class=\"wp-block-media-text alignwide is-stacked-on-mobile\" style=\"grid-template-columns:23% auto\"><figure class=\"wp-block-media-text__media\"><img loading=\"lazy\" decoding=\"async\" width=\"683\" height=\"1024\" src=\"https:\/\/aholab.ehu.eus\/aholab-gtts\/wp-content\/uploads\/2021\/05\/kelly-sikkema-zU3HUZvAKJ0-unsplash1-683x1024.jpg\" alt=\"\" class=\"wp-image-35 size-full\" srcset=\"https:\/\/aholab.ehu.eus\/aholab-gtts\/wp-content\/uploads\/2021\/05\/kelly-sikkema-zU3HUZvAKJ0-unsplash1-683x1024.jpg 683w, https:\/\/aholab.ehu.eus\/aholab-gtts\/wp-content\/uploads\/2021\/05\/kelly-sikkema-zU3HUZvAKJ0-unsplash1-200x300.jpg 200w, https:\/\/aholab.ehu.eus\/aholab-gtts\/wp-content\/uploads\/2021\/05\/kelly-sikkema-zU3HUZvAKJ0-unsplash1-768x1152.jpg 768w, https:\/\/aholab.ehu.eus\/aholab-gtts\/wp-content\/uploads\/2021\/05\/kelly-sikkema-zU3HUZvAKJ0-unsplash1-1024x1536.jpg 1024w, https:\/\/aholab.ehu.eus\/aholab-gtts\/wp-content\/uploads\/2021\/05\/kelly-sikkema-zU3HUZvAKJ0-unsplash1-1365x2048.jpg 1365w, https:\/\/aholab.ehu.eus\/aholab-gtts\/wp-content\/uploads\/2021\/05\/kelly-sikkema-zU3HUZvAKJ0-unsplash1-1568x2352.jpg 1568w, https:\/\/aholab.ehu.eus\/aholab-gtts\/wp-content\/uploads\/2021\/05\/kelly-sikkema-zU3HUZvAKJ0-unsplash1-scaled.jpg 1707w\" sizes=\"auto, (max-width: 683px) 100vw, 683px\" \/><\/figure><div class=\"wp-block-media-text__content\">\n<p class=\"has-small-font-size\"><strong>Tecnolog\u00edas del habla para la diversidad funcional<\/strong><\/p>\n\n\n\n<p class=\"has-small-font-size\">El grupo ha desarrollado un sistema de conversi\u00f3n de texto a voz que, sobre todo para el euskera, ha alcanzado un elevado nivel de difusi\u00f3n en el Pa\u00eds Vasco. En este proyecto se propone la investigaci\u00f3n delas t\u00e9cnicas basadas en redes neuronales, con el fin de obtener un TTS de calidad superior al actual.<br>Adicionalmente, tambi\u00e9n se pretende mejorar la calidad de las voces personalizadas, investigando estrategias para realizar la adaptaci\u00f3n de las voces utilizando redes neuronales. De especial importanciaes la capacidad de personalizaci\u00f3n de la voz cuando se trata de un donante de voz con patolog\u00eda: elobjetivo es obtener voces sint\u00e9ticas que representen e identifiquen a la persona donante, de forma quepueda utilizarla integrada en su dispositivo de comunicaci\u00f3n alternativa.<br>Por otro lado una de las mayores limitaciones que sufren las personas que presentan una patolog\u00eda en el habla es la dificultad de ser comprendidos por los sistemas autom\u00e1ticos de reconocimiento de voz. En el proyecto se investigar\u00e1n diferentes estrategias, basadas en el empleo de redes neuronales profundas para realizar la conversi\u00f3n de las se\u00f1ales de forma que mejore su inteligibilidad, de forma especial frente a los sistemas ASR.<br><\/p>\n<\/div><\/div>\n\n\n\n<div class=\"wp-block-media-text alignwide is-stacked-on-mobile\" style=\"grid-template-columns:23% auto\"><figure class=\"wp-block-media-text__media\"><img loading=\"lazy\" decoding=\"async\" width=\"935\" height=\"1024\" src=\"https:\/\/aholab.ehu.eus\/aholab-gtts\/wp-content\/uploads\/2021\/05\/immo-wegmann-kMLhgAoo7k-unsplash-e1621470203586-935x1024.jpg\" alt=\"\" class=\"wp-image-36 size-full\" srcset=\"https:\/\/aholab.ehu.eus\/aholab-gtts\/wp-content\/uploads\/2021\/05\/immo-wegmann-kMLhgAoo7k-unsplash-e1621470203586-935x1024.jpg 935w, https:\/\/aholab.ehu.eus\/aholab-gtts\/wp-content\/uploads\/2021\/05\/immo-wegmann-kMLhgAoo7k-unsplash-e1621470203586-274x300.jpg 274w, https:\/\/aholab.ehu.eus\/aholab-gtts\/wp-content\/uploads\/2021\/05\/immo-wegmann-kMLhgAoo7k-unsplash-e1621470203586-768x841.jpg 768w, https:\/\/aholab.ehu.eus\/aholab-gtts\/wp-content\/uploads\/2021\/05\/immo-wegmann-kMLhgAoo7k-unsplash-e1621470203586.jpg 1161w\" sizes=\"auto, (max-width: 935px) 100vw, 935px\" \/><\/figure><div class=\"wp-block-media-text__content\">\n<p class=\"has-small-font-size\"><strong>Subtitulado autom\u00e1tico y b\u00fasqueda de t\u00e9rminos hablados y escritos en recursos audiovisuales multiling\u00fces<\/strong><br> El grupo dispone de una gran cantidad de datos de audio y texto de las sesiones parlamentarias del Parlamento Vasco, en castellano y euskera. Estos datos ofrecen al nuevo grupo la posibilidad de mejorar tanto los modelos ac\u00fasticos ya disponibles como los modelos del lenguaje del sistema de reconocimiento desarrollado previamente y que est\u00e1 siendo utilizado por otros agentes tecnol\u00f3gicos (diccionario de la Fundaci\u00f3n Elhuyar) del Pa\u00eds Vasco. En esta nueva fase se pretende realizar las gestiones necesarias para que dichos datos puedan dar lugar a un reconocedor de habla continua para el euskera que pueda ponerse a disposici\u00f3n de otros agentes tecnol\u00f3gicos para su comercializaci\u00f3n. Se desarrolla una base de datos de 3 a\u00f1os de sesiones parlamentarias de la que se extraer\u00e1n aproximadamente 4 horas con etiquetado de alta calidad. Esta parte se pondr\u00e1 a disposici\u00f3n de la comunidad investigadora a trav\u00e9s de las agencias de distribuci\u00f3n de datos (LDC, ELRA). Se pretende tambi\u00e9n desarrollar un prototipo de subtitulado autom\u00e1tico de las sesiones parlamentarias capaz de detectar cambios de locutor y cambios de idioma, y deber\u00e1 alinear adecuadamente el audio utilizando tanto las transcripciones manuales (obtenidas de las actas oficiales de las sesiones) como las transcripciones autom\u00e1ticas obtenidas por reconcimiento autom\u00e1tico del habla.<br>Tambi\u00e9n en el campo de la extracci\u00f3n autom\u00e1tica de informaci\u00f3n se producir\u00e1 la colaboraci\u00f3n de los grupos, por tener ambos experiencia en este \u00e1mbito. El objetivo general es mejorar tanto la b\u00fasqueda por voz como por texto de los sistemas actualmente disponibles, principalmente incorporando redes neuronales profundas en el proceso de extracci\u00f3n de las caracter\u00edsticas (posteriores fon\u00e9ticos o BNFs).<\/p>\n<\/div><\/div>\n\n\n\n<div class=\"wp-block-media-text alignwide is-stacked-on-mobile\" style=\"grid-template-columns:23% auto\"><figure class=\"wp-block-media-text__media\"><img loading=\"lazy\" decoding=\"async\" width=\"640\" height=\"800\" src=\"https:\/\/aholab.ehu.eus\/aholab-gtts\/wp-content\/uploads\/2021\/05\/rhys-fradley-sZYyMxl4Npw-unsplash1.jpg\" alt=\"\" class=\"wp-image-37 size-full\" srcset=\"https:\/\/aholab.ehu.eus\/aholab-gtts\/wp-content\/uploads\/2021\/05\/rhys-fradley-sZYyMxl4Npw-unsplash1.jpg 640w, https:\/\/aholab.ehu.eus\/aholab-gtts\/wp-content\/uploads\/2021\/05\/rhys-fradley-sZYyMxl4Npw-unsplash1-240x300.jpg 240w\" sizes=\"auto, (max-width: 640px) 100vw, 640px\" \/><\/figure><div class=\"wp-block-media-text__content\">\n<p class=\"has-small-font-size\"><strong>Detecci\u00f3n y clasificaci\u00f3n de ruidos en veh\u00edculos<\/strong><br>La investigaci\u00f3n del grupo en esta l\u00ednea surge de la colaboraci\u00f3n con Mercedes-Benz Vitoria con una visi\u00f3n muy cercana a la aplicaci\u00f3n de las tecnolog\u00edas al proceso de fabricaci\u00f3n y de calidad de la planta.<br>Dentro de sus procedimientos de control de la calidad sonora de los veh\u00edculos la presencia de ruidos de tipo zumbidos, chirridos y traqueteos (Buzz, Squeak and Rattle, BS&amp;R) es determinante y por ello orientamos la l\u00ednea de investigaci\u00f3n a la aplicaci\u00f3n de las redes neuronales a la detecci\u00f3n de estos eventos sonoros.<br>El reto m\u00e1s importante es la aplicaci\u00f3n de estos sistemas de detecci\u00f3n en un entorno real de conducci\u00f3n, que es d\u00f3nde se producen los ruidos molestos de BS&amp;R. El sistema autom\u00e1tico tiene que ser extraordinariamente robusto para funcionar en condiciones muy desfavorables de relaci\u00f3n se\u00f1al a ruido en entornos muy variables: diferentes tipolog\u00edas de veh\u00edculo, diferentes condiciones de conducci\u00f3n y diferentes fuentes de ruido.<br>El objetivo perseguido es crear un sistema autom\u00e1tico de audici\u00f3n (machine listening) que se integre en los procedimientos de control de calidad y an\u00e1lisis funcional de la planta, y que facilite la detecci\u00f3n, clasificaci\u00f3n y localizaci\u00f3n de los ruidos indeseables que afectan a la calidad sonora del veh\u00edculo.<\/p>\n<\/div><\/div>\n","protected":false},"excerpt":{"rendered":"<p>Tecnolog\u00edas del habla para la diversidad funcional El grupo ha desarrollado un sistema de conversi\u00f3n de texto a voz que, sobre todo para el euskera, ha alcanzado un elevado nivel de difusi\u00f3n en el Pa\u00eds Vasco. En este proyecto se propone la investigaci\u00f3n delas t\u00e9cnicas basadas en redes neuronales, con el fin de obtener un &hellip; <\/p>\n","protected":false},"author":1,"featured_media":0,"parent":0,"menu_order":0,"comment_status":"closed","ping_status":"closed","template":"","meta":{"footnotes":""},"class_list":["post-34","page","type-page","status-publish","hentry"],"_links":{"self":[{"href":"https:\/\/aholab.ehu.eus\/aholab-gtts\/wp-json\/wp\/v2\/pages\/34","targetHints":{"allow":["GET"]}}],"collection":[{"href":"https:\/\/aholab.ehu.eus\/aholab-gtts\/wp-json\/wp\/v2\/pages"}],"about":[{"href":"https:\/\/aholab.ehu.eus\/aholab-gtts\/wp-json\/wp\/v2\/types\/page"}],"author":[{"embeddable":true,"href":"https:\/\/aholab.ehu.eus\/aholab-gtts\/wp-json\/wp\/v2\/users\/1"}],"replies":[{"embeddable":true,"href":"https:\/\/aholab.ehu.eus\/aholab-gtts\/wp-json\/wp\/v2\/comments?post=34"}],"version-history":[{"count":3,"href":"https:\/\/aholab.ehu.eus\/aholab-gtts\/wp-json\/wp\/v2\/pages\/34\/revisions"}],"predecessor-version":[{"id":129,"href":"https:\/\/aholab.ehu.eus\/aholab-gtts\/wp-json\/wp\/v2\/pages\/34\/revisions\/129"}],"wp:attachment":[{"href":"https:\/\/aholab.ehu.eus\/aholab-gtts\/wp-json\/wp\/v2\/media?parent=34"}],"curies":[{"name":"wp","href":"https:\/\/api.w.org\/{rel}","templated":true}]}}

Áreas de interes

<div class="wp-block-media-text alignwide is-stacked-on-mobile" style="grid-template-columns:23% auto"><figure class="wp-block-media-text__media"><img loading="lazy" decoding="async" width="683" height="1024" src="https://aholab.ehu.eus/aholab-gtts/wp-content/uploads/2021/05/kelly-sikkema-zU3HUZvAKJ0-unsplash1-683x1024.jpg" alt="" class="wp-image-35 size-full" srcset="https://aholab.ehu.eus/aholab-gtts/wp-content/uploads/2021/05/kelly-sikkema-zU3HUZvAKJ0-unsplash1-683x1024.jpg 683w, https://aholab.ehu.eus/aholab-gtts/wp-content/uploads/2021/05/kelly-sikkema-zU3HUZvAKJ0-unsplash1-200x300.jpg 200w, https://aholab.ehu.eus/aholab-gtts/wp-content/uploads/2021/05/kelly-sikkema-zU3HUZvAKJ0-unsplash1-768x1152.jpg 768w, https://aholab.ehu.eus/aholab-gtts/wp-content/uploads/2021/05/kelly-sikkema-zU3HUZvAKJ0-unsplash1-1024x1536.jpg 1024w, https://aholab.ehu.eus/aholab-gtts/wp-content/uploads/2021/05/kelly-sikkema-zU3HUZvAKJ0-unsplash1-1365x2048.jpg 1365w, https://aholab.ehu.eus/aholab-gtts/wp-content/uploads/2021/05/kelly-sikkema-zU3HUZvAKJ0-unsplash1-1568x2352.jpg 1568w, https://aholab.ehu.eus/aholab-gtts/wp-content/uploads/2021/05/kelly-sikkema-zU3HUZvAKJ0-unsplash1-scaled.jpg 1707w" sizes="auto, (max-width: 683px) 100vw, 683px" /></figure><div class="wp-block-media-text__content">
<p class="has-small-font-size"><strong>Tecnologías del habla para la diversidad funcional</strong></p>



<p class="has-small-font-size">El grupo ha desarrollado un sistema de conversión de texto a voz que, sobre todo para el euskera, ha alcanzado un elevado nivel de difusión en el País Vasco. En este proyecto se propone la investigación delas técnicas basadas en redes neuronales, con el fin de obtener un TTS de calidad superior al actual.<br>Adicionalmente, también se pretende mejorar la calidad de las voces personalizadas, investigando estrategias para realizar la adaptación de las voces utilizando redes neuronales. De especial importanciaes la capacidad de personalización de la voz cuando se trata de un donante de voz con patología: elobjetivo es obtener voces sintéticas que representen e identifiquen a la persona donante, de forma quepueda utilizarla integrada en su dispositivo de comunicación alternativa.<br>Por otro lado una de las mayores limitaciones que sufren las personas que presentan una patología en el habla es la dificultad de ser comprendidos por los sistemas automáticos de reconocimiento de voz. En el proyecto se investigarán diferentes estrategias, basadas en el empleo de redes neuronales profundas para realizar la conversión de las señales de forma que mejore su inteligibilidad, de forma especial frente a los sistemas ASR.<br></p>
</div></div>



<div class="wp-block-media-text alignwide is-stacked-on-mobile" style="grid-template-columns:23% auto"><figure class="wp-block-media-text__media"><img loading="lazy" decoding="async" width="935" height="1024" src="https://aholab.ehu.eus/aholab-gtts/wp-content/uploads/2021/05/immo-wegmann-kMLhgAoo7k-unsplash-e1621470203586-935x1024.jpg" alt="" class="wp-image-36 size-full" srcset="https://aholab.ehu.eus/aholab-gtts/wp-content/uploads/2021/05/immo-wegmann-kMLhgAoo7k-unsplash-e1621470203586-935x1024.jpg 935w, https://aholab.ehu.eus/aholab-gtts/wp-content/uploads/2021/05/immo-wegmann-kMLhgAoo7k-unsplash-e1621470203586-274x300.jpg 274w, https://aholab.ehu.eus/aholab-gtts/wp-content/uploads/2021/05/immo-wegmann-kMLhgAoo7k-unsplash-e1621470203586-768x841.jpg 768w, https://aholab.ehu.eus/aholab-gtts/wp-content/uploads/2021/05/immo-wegmann-kMLhgAoo7k-unsplash-e1621470203586.jpg 1161w" sizes="auto, (max-width: 935px) 100vw, 935px" /></figure><div class="wp-block-media-text__content">
<p class="has-small-font-size"><strong>Subtitulado automático y búsqueda de términos hablados y escritos en recursos audiovisuales multilingües</strong><br> El grupo dispone de una gran cantidad de datos de audio y texto de las sesiones parlamentarias del Parlamento Vasco, en castellano y euskera. Estos datos ofrecen al nuevo grupo la posibilidad de mejorar tanto los modelos acústicos ya disponibles como los modelos del lenguaje del sistema de reconocimiento desarrollado previamente y que está siendo utilizado por otros agentes tecnológicos (diccionario de la Fundación Elhuyar) del País Vasco. En esta nueva fase se pretende realizar las gestiones necesarias para que dichos datos puedan dar lugar a un reconocedor de habla continua para el euskera que pueda ponerse a disposición de otros agentes tecnológicos para su comercialización. Se desarrolla una base de datos de 3 años de sesiones parlamentarias de la que se extraerán aproximadamente 4 horas con etiquetado de alta calidad. Esta parte se pondrá a disposición de la comunidad investigadora a través de las agencias de distribución de datos (LDC, ELRA). Se pretende también desarrollar un prototipo de subtitulado automático de las sesiones parlamentarias capaz de detectar cambios de locutor y cambios de idioma, y deberá alinear adecuadamente el audio utilizando tanto las transcripciones manuales (obtenidas de las actas oficiales de las sesiones) como las transcripciones automáticas obtenidas por reconcimiento automático del habla.<br>También en el campo de la extracción automática de información se producirá la colaboración de los grupos, por tener ambos experiencia en este ámbito. El objetivo general es mejorar tanto la búsqueda por voz como por texto de los sistemas actualmente disponibles, principalmente incorporando redes neuronales profundas en el proceso de extracción de las características (posteriores fonéticos o BNFs).</p>
</div></div>



<div class="wp-block-media-text alignwide is-stacked-on-mobile" style="grid-template-columns:23% auto"><figure class="wp-block-media-text__media"><img loading="lazy" decoding="async" width="640" height="800" src="https://aholab.ehu.eus/aholab-gtts/wp-content/uploads/2021/05/rhys-fradley-sZYyMxl4Npw-unsplash1.jpg" alt="" class="wp-image-37 size-full" srcset="https://aholab.ehu.eus/aholab-gtts/wp-content/uploads/2021/05/rhys-fradley-sZYyMxl4Npw-unsplash1.jpg 640w, https://aholab.ehu.eus/aholab-gtts/wp-content/uploads/2021/05/rhys-fradley-sZYyMxl4Npw-unsplash1-240x300.jpg 240w" sizes="auto, (max-width: 640px) 100vw, 640px" /></figure><div class="wp-block-media-text__content">
<p class="has-small-font-size"><strong>Detección y clasificación de ruidos en vehículos</strong><br>La investigación del grupo en esta línea surge de la colaboración con Mercedes-Benz Vitoria con una visión muy cercana a la aplicación de las tecnologías al proceso de fabricación y de calidad de la planta.<br>Dentro de sus procedimientos de control de la calidad sonora de los vehículos la presencia de ruidos de tipo zumbidos, chirridos y traqueteos (Buzz, Squeak and Rattle, BS&amp;R) es determinante y por ello orientamos la línea de investigación a la aplicación de las redes neuronales a la detección de estos eventos sonoros.<br>El reto más importante es la aplicación de estos sistemas de detección en un entorno real de conducción, que es dónde se producen los ruidos molestos de BS&amp;R. El sistema automático tiene que ser extraordinariamente robusto para funcionar en condiciones muy desfavorables de relación señal a ruido en entornos muy variables: diferentes tipologías de vehículo, diferentes condiciones de conducción y diferentes fuentes de ruido.<br>El objetivo perseguido es crear un sistema automático de audición (machine listening) que se integre en los procedimientos de control de calidad y análisis funcional de la planta, y que facilite la detección, clasificación y localización de los ruidos indeseables que afectan a la calidad sonora del vehículo.</p>
</div></div>

<p>Tecnologías del habla para la diversidad funcional El grupo ha desarrollado un sistema de conversión de texto a voz que, sobre todo para el euskera, ha alcanzado un elevado nivel de difusión en el País Vasco. En este proyecto se propone la investigación delas técnicas basadas en redes neuronales, con el fin de obtener un &hellip; </p>
