{"id":43,"date":"2021-05-20T07:32:17","date_gmt":"2021-05-20T07:32:17","guid":{"rendered":"https:\/\/aholab.ehu.eus\/aholab-gtts\/?page_id=43"},"modified":"2021-05-20T08:59:53","modified_gmt":"2021-05-20T08:59:53","slug":"tareas","status":"publish","type":"page","link":"https:\/\/aholab.ehu.eus\/aholab-gtts\/tareas\/","title":{"rendered":"Tareas"},"content":{"rendered":"\n<div class=\"wp-block-media-text alignwide has-media-on-the-right is-stacked-on-mobile\" style=\"grid-template-columns:auto 37%\"><figure class=\"wp-block-media-text__media\"><img loading=\"lazy\" decoding=\"async\" width=\"1024\" height=\"682\" src=\"https:\/\/aholab.ehu.eus\/aholab-gtts\/wp-content\/uploads\/2021\/05\/glenn-carstens-peters-RLw-UC03Gwc-unsplash-1024x682.jpg\" alt=\"\" class=\"wp-image-73 size-full\" srcset=\"https:\/\/aholab.ehu.eus\/aholab-gtts\/wp-content\/uploads\/2021\/05\/glenn-carstens-peters-RLw-UC03Gwc-unsplash-1024x682.jpg 1024w, https:\/\/aholab.ehu.eus\/aholab-gtts\/wp-content\/uploads\/2021\/05\/glenn-carstens-peters-RLw-UC03Gwc-unsplash-300x200.jpg 300w, https:\/\/aholab.ehu.eus\/aholab-gtts\/wp-content\/uploads\/2021\/05\/glenn-carstens-peters-RLw-UC03Gwc-unsplash-768x511.jpg 768w, https:\/\/aholab.ehu.eus\/aholab-gtts\/wp-content\/uploads\/2021\/05\/glenn-carstens-peters-RLw-UC03Gwc-unsplash-1536x1022.jpg 1536w, https:\/\/aholab.ehu.eus\/aholab-gtts\/wp-content\/uploads\/2021\/05\/glenn-carstens-peters-RLw-UC03Gwc-unsplash-90x60.jpg 90w, https:\/\/aholab.ehu.eus\/aholab-gtts\/wp-content\/uploads\/2021\/05\/glenn-carstens-peters-RLw-UC03Gwc-unsplash.jpg 1920w\" sizes=\"auto, (max-width: 1024px) 100vw, 1024px\" \/><\/figure><div class=\"wp-block-media-text__content\">\n<p>S\u00edntesis y conversi\u00f3n para voces patol\u00f3gicas<\/p>\n\n\n\n<ul class=\"wp-block-list\"><li>MEJORA DE LAS VOCES SINT\u00c9TICAS PERSONALIZADAS<\/li><li>MEJORA DE LA INTELIGIBILIDAD DE LAS VOCES ALAR\u00cdNGEAS Y DIS\u00c1RTR\u00cdCAS<\/li><\/ul>\n\n\n\n<p>Subtitulado autom\u00e1tico de recursos audiovisuales multiling\u00fces<\/p>\n\n\n\n<p>B\u00fasqueda de t\u00e9rminos hablados y escritos en recursos audiovisuales multiling\u00fces<\/p>\n\n\n\n<p>Detecci\u00f3n y clasificaci\u00f3n de ruidos en veh\u00edculos<\/p>\n<\/div><\/div>\n","protected":false},"excerpt":{"rendered":"<p>S\u00edntesis y conversi\u00f3n para voces patol\u00f3gicas MEJORA DE LAS VOCES SINT\u00c9TICAS PERSONALIZADAS MEJORA DE LA INTELIGIBILIDAD DE LAS VOCES ALAR\u00cdNGEAS Y DIS\u00c1RTR\u00cdCAS Subtitulado autom\u00e1tico de recursos audiovisuales multiling\u00fces B\u00fasqueda de t\u00e9rminos hablados y escritos en recursos audiovisuales multiling\u00fces Detecci\u00f3n y clasificaci\u00f3n de ruidos en veh\u00edculos<\/p>\n","protected":false},"author":1,"featured_media":0,"parent":0,"menu_order":0,"comment_status":"closed","ping_status":"closed","template":"","meta":{"footnotes":""},"class_list":["post-43","page","type-page","status-publish","hentry"],"_links":{"self":[{"href":"https:\/\/aholab.ehu.eus\/aholab-gtts\/wp-json\/wp\/v2\/pages\/43","targetHints":{"allow":["GET"]}}],"collection":[{"href":"https:\/\/aholab.ehu.eus\/aholab-gtts\/wp-json\/wp\/v2\/pages"}],"about":[{"href":"https:\/\/aholab.ehu.eus\/aholab-gtts\/wp-json\/wp\/v2\/types\/page"}],"author":[{"embeddable":true,"href":"https:\/\/aholab.ehu.eus\/aholab-gtts\/wp-json\/wp\/v2\/users\/1"}],"replies":[{"embeddable":true,"href":"https:\/\/aholab.ehu.eus\/aholab-gtts\/wp-json\/wp\/v2\/comments?post=43"}],"version-history":[{"count":2,"href":"https:\/\/aholab.ehu.eus\/aholab-gtts\/wp-json\/wp\/v2\/pages\/43\/revisions"}],"predecessor-version":[{"id":74,"href":"https:\/\/aholab.ehu.eus\/aholab-gtts\/wp-json\/wp\/v2\/pages\/43\/revisions\/74"}],"wp:attachment":[{"href":"https:\/\/aholab.ehu.eus\/aholab-gtts\/wp-json\/wp\/v2\/media?parent=43"}],"curies":[{"name":"wp","href":"https:\/\/api.w.org\/{rel}","templated":true}]}}