{"id":83,"date":"2024-07-07T17:19:26","date_gmt":"2024-07-07T17:19:26","guid":{"rendered":"https:\/\/aholab.ehu.eus\/deeprestore\/?page_id=83"},"modified":"2024-10-21T13:30:56","modified_gmt":"2024-10-21T13:30:56","slug":"aviso-legal","status":"publish","type":"page","link":"https:\/\/aholab.ehu.eus\/deeprestore\/aviso-legal\/","title":{"rendered":"Aviso Legal"},"content":{"rendered":"<p>[et_pb_section fb_built=\u00bb1&#8243; _builder_version=\u00bb4.27.0&#8243; _module_preset=\u00bbdefault\u00bb global_colors_info=\u00bb{}\u00bb][et_pb_row _builder_version=\u00bb4.27.0&#8243; _module_preset=\u00bbdefault\u00bb global_colors_info=\u00bb{}\u00bb][et_pb_column type=\u00bb4_4&#8243; _builder_version=\u00bb4.27.0&#8243; _module_preset=\u00bbdefault\u00bb global_colors_info=\u00bb{}\u00bb][et_pb_text _builder_version=\u00bb4.27.0&#8243; _module_preset=\u00bbdefault\u00bb global_colors_info=\u00bb{}\u00bb]<\/p>\n<p><strong>Aviso Legal: Informaci\u00f3n sobre Protecci\u00f3n de Datos de Contacto<\/strong><\/p>\n<p>De acuerdo con el art\u00edculo 13 del Reglamento (UE) 2016\/679 del Parlamento Europeo y del Consejo, del 27 de abril de 2016, relativo a la protecci\u00f3n de las personas f\u00edsicas en lo que concierne al tratamiento de datos personales y la libre circulaci\u00f3n de estos, se proporciona la siguiente informaci\u00f3n sobre la protecci\u00f3n de sus datos personales.<\/p>\n<p>Responsable del Tratamiento:<br \/>Euskal Herriko Unibertsitatea &#8211; Universidad del Pa\u00eds Vasco<br \/>Direcci\u00f3n: Barrio Sarriena s\/n<br \/>Bizkaia<br \/>NIF: 48940 Leioa<br \/>Correo electr\u00f3nico:<\/p>\n<p><strong>Finalidad:<\/strong><\/p>\n<p>El tratamiento de los datos se realiza para gestionar la relaci\u00f3n de contacto que usted mantiene con nosotros (ya sea como cliente, proveedor, usuario, etc.), responder a sus mensajes y, si procede, enviarle informaci\u00f3n y\/o documentaci\u00f3n que pueda ser de su inter\u00e9s. Los datos se conservar\u00e1n mientras no solicite su eliminaci\u00f3n y durante el tiempo necesario para determinar posibles responsabilidades derivadas de la finalidad o el tratamiento.<\/p>\n<p><strong>Legitimaci\u00f3n:<\/strong><\/p>\n<p>De acuerdo con el art\u00edculo 6.1.a) del RGPD, el interesado ha dado su consentimiento para el tratamiento de sus datos personales para uno o varios fines espec\u00edficos.<\/p>\n<p><strong>Destinatarios:<\/strong><\/p>\n<p>No est\u00e1 prevista la cesi\u00f3n o comunicaci\u00f3n de los datos a terceros.<\/p>\n<p><strong>Derechos:<\/strong><\/p>\n<p>El interesado tiene derecho a acceder a sus datos personales, solicitar la correcci\u00f3n de cualquier informaci\u00f3n inexacta o solicitar la eliminaci\u00f3n de los datos cuando ya no sean necesarios para los fines por los que fueron recogidos. En ciertos casos, el interesado tambi\u00e9n podr\u00e1 oponerse al tratamiento de sus datos o solicitar la limitaci\u00f3n del mismo, en cuyo caso los datos solo se conservar\u00e1n para el ejercicio o defensa de posibles reclamaciones.<\/p>\n<p>El interesado puede ejercer estos derechos contactando con la empresa a trav\u00e9s de la direcci\u00f3n o correo electr\u00f3nico proporcionados en la secci\u00f3n de \u00abResponsable\u00bb, donde se le facilitar\u00e1n los formularios o modelos necesarios para realizar la solicitud.<\/p>\n<p>[\/et_pb_text][\/et_pb_column][\/et_pb_row][\/et_pb_section]<\/p>\n","protected":false},"excerpt":{"rendered":"<p>Aviso Legal: Informaci\u00f3n sobre Protecci\u00f3n de Datos de Contacto De acuerdo con el art\u00edculo 13 del Reglamento (UE) 2016\/679 del Parlamento Europeo y del Consejo, del 27 de abril de 2016, relativo a la protecci\u00f3n de las personas f\u00edsicas en lo que concierne al tratamiento de datos personales y la libre circulaci\u00f3n de estos, se [&hellip;]<\/p>\n","protected":false},"author":1,"featured_media":0,"parent":0,"menu_order":0,"comment_status":"closed","ping_status":"closed","template":"","meta":{"_et_pb_use_builder":"on","_et_pb_old_content":"","_et_gb_content_width":"","footnotes":""},"class_list":["post-83","page","type-page","status-publish","hentry"],"_links":{"self":[{"href":"https:\/\/aholab.ehu.eus\/deeprestore\/wp-json\/wp\/v2\/pages\/83","targetHints":{"allow":["GET"]}}],"collection":[{"href":"https:\/\/aholab.ehu.eus\/deeprestore\/wp-json\/wp\/v2\/pages"}],"about":[{"href":"https:\/\/aholab.ehu.eus\/deeprestore\/wp-json\/wp\/v2\/types\/page"}],"author":[{"embeddable":true,"href":"https:\/\/aholab.ehu.eus\/deeprestore\/wp-json\/wp\/v2\/users\/1"}],"replies":[{"embeddable":true,"href":"https:\/\/aholab.ehu.eus\/deeprestore\/wp-json\/wp\/v2\/comments?post=83"}],"version-history":[{"count":5,"href":"https:\/\/aholab.ehu.eus\/deeprestore\/wp-json\/wp\/v2\/pages\/83\/revisions"}],"predecessor-version":[{"id":324,"href":"https:\/\/aholab.ehu.eus\/deeprestore\/wp-json\/wp\/v2\/pages\/83\/revisions\/324"}],"wp:attachment":[{"href":"https:\/\/aholab.ehu.eus\/deeprestore\/wp-json\/wp\/v2\/media?parent=83"}],"curies":[{"name":"wp","href":"https:\/\/api.w.org\/{rel}","templated":true}]}}

<p>[et_pb_section fb_built=»1&#8243; _builder_version=»4.27.0&#8243; _module_preset=»default» global_colors_info=»{}»][et_pb_row _builder_version=»4.27.0&#8243; _module_preset=»default» global_colors_info=»{}»][et_pb_column type=»4_4&#8243; _builder_version=»4.27.0&#8243; _module_preset=»default» global_colors_info=»{}»][et_pb_text _builder_version=»4.27.0&#8243; _module_preset=»default» global_colors_info=»{}»]</p>
<p><strong>Aviso Legal: Información sobre Protección de Datos de Contacto</strong></p>
<p>De acuerdo con el artículo 13 del Reglamento (UE) 2016/679 del Parlamento Europeo y del Consejo, del 27 de abril de 2016, relativo a la protección de las personas físicas en lo que concierne al tratamiento de datos personales y la libre circulación de estos, se proporciona la siguiente información sobre la protección de sus datos personales.</p>
<p>Responsable del Tratamiento:<br />Euskal Herriko Unibertsitatea &#8211; Universidad del País Vasco<br />Dirección: Barrio Sarriena s/n<br />Bizkaia<br />NIF: 48940 Leioa<br />Correo electrónico:</p>
<p><strong>Finalidad:</strong></p>
<p>El tratamiento de los datos se realiza para gestionar la relación de contacto que usted mantiene con nosotros (ya sea como cliente, proveedor, usuario, etc.), responder a sus mensajes y, si procede, enviarle información y/o documentación que pueda ser de su interés. Los datos se conservarán mientras no solicite su eliminación y durante el tiempo necesario para determinar posibles responsabilidades derivadas de la finalidad o el tratamiento.</p>
<p><strong>Legitimación:</strong></p>
<p>De acuerdo con el artículo 6.1.a) del RGPD, el interesado ha dado su consentimiento para el tratamiento de sus datos personales para uno o varios fines específicos.</p>
<p><strong>Destinatarios:</strong></p>
<p>No está prevista la cesión o comunicación de los datos a terceros.</p>
<p><strong>Derechos:</strong></p>
<p>El interesado tiene derecho a acceder a sus datos personales, solicitar la corrección de cualquier información inexacta o solicitar la eliminación de los datos cuando ya no sean necesarios para los fines por los que fueron recogidos. En ciertos casos, el interesado también podrá oponerse al tratamiento de sus datos o solicitar la limitación del mismo, en cuyo caso los datos solo se conservarán para el ejercicio o defensa de posibles reclamaciones.</p>
<p>El interesado puede ejercer estos derechos contactando con la empresa a través de la dirección o correo electrónico proporcionados en la sección de «Responsable», donde se le facilitarán los formularios o modelos necesarios para realizar la solicitud.</p>
<p>[/et_pb_text][/et_pb_column][/et_pb_row][/et_pb_section]</p>

<p>Aviso Legal: Información sobre Protección de Datos de Contacto De acuerdo con el artículo 13 del Reglamento (UE) 2016/679 del Parlamento Europeo y del Consejo, del 27 de abril de 2016, relativo a la protección de las personas físicas en lo que concierne al tratamiento de datos personales y la libre circulación de estos, se [&hellip;]</p>
