{"id":85132,"date":"2024-01-23T14:03:50","date_gmt":"2024-01-23T13:03:50","guid":{"rendered":"https:\/\/aholab.ehu.eus\/ressint\/resultados\/"},"modified":"2024-05-30T12:00:38","modified_gmt":"2024-05-30T10:00:38","slug":"resultados","status":"publish","type":"page","link":"https:\/\/aholab.ehu.eus\/ressint\/resultados\/","title":{"rendered":"Resultados"},"content":{"rendered":"<div class=\"wpb-content-wrapper\">[vc_row][vc_column width=&#8221;1\/1&#8243;][vc_accordion gutter_simple=&#8221;0&#8243; uncode_shortcode_id=&#8221;150340&#8243; title=&#8221;Resultados&#8221; active_tab=&#8221;0&#8243;][vc_accordion_tab title=&#8221;Base de datos ReSSint&#8221; tab_id=&#8221;1708345933-1-32&#8243;][vc_column_text text_lead=&#8221;yes&#8221; uncode_shortcode_id=&#8221;298138&#8243;]\n<p style=\"text-align: left;\"><span class=\"font-barlow\">El siguiente documento describe la base de datos ReSSint, que representa la culminaci\u00f3n del proceso meticuloso de recolecci\u00f3n de datos, validaci\u00f3n y organizaci\u00f3n llevado a cabo en este proyecto. La nueva base de datos pronto estar\u00e1 disponible en <a href=\"https:\/\/www.elra.eu\/\" target=\"_blank\" rel=\"noopener\">ELRA<\/a>.<\/span><\/p>\n<p>&nbsp;<\/p>\n<p style=\"text-align: center;\"><!-- \/wp:post-content --><\/p>\n<p><center><!-- wp:file {\"id\":85151,\"href\":\"https:\/\/aholab.ehu.eus\/ressint\/wp-content\/uploads\/2024\/02\/ReSSint_Database_Report_v1.pdf\",\"displayPreview\":true} --><\/center><\/p>\n<div class=\"wp-block-file\"><center><object class=\"wp-block-file__embed\" style=\"width: 75%; height: 400px;\" data=\"https:\/\/aholab.ehu.eus\/ressint\/wp-content\/uploads\/2024\/02\/ReSSint_Database_Report_v1.pdf\" type=\"application\/pdf\" width=\"300\" height=\"150\" aria-label=\"ReSSint_Database_Report_v1\"><\/object><\/center><\/p>\n<p style=\"text-align: center;\"><a id=\"wp-block-file--media-8165fad9-6708-4b67-8099-d9ee24214ed5\" href=\"https:\/\/aholab.ehu.eus\/ressint\/wp-content\/uploads\/2024\/02\/ReSSint_Database_Report_v1.pdf\">Descargar informe de la Base de Datos ReSSint<\/a><\/p>\n<\/div>\n<p>&nbsp;[\/vc_column_text][\/vc_accordion_tab][vc_accordion_tab title=&#8221;Trabajos de fin de master&#8221; tab_id=&#8221;1708345933-2-37&#8243;][vc_raw_html]PHAgc3R5bGU9InRleHQtYWxpZ246IGxlZnQ7Ij48c3BhbiBjbGFzcz0iZm9udC1iYXJsb3ciPkxvcyB0cmFiYWpvcyBkZSBmaW4gZGUgbWFzdGVyICJDb252ZXJzacOzbiBkZSBwYXLDoW1ldHJvcyBlbGVjdHJvbWlvZ3LDoWZpY29zIGVuIHZveiIgeSAiRWN1YWNpb25lcyBkaWZlcmVuY2lhbGVzIG9yZGluYXJpYXMgbmV1cm9uYWxlcyB5IHN1DQphcGxpY2FjacOzbiBhIGxhIHJlc29sdWNpw7NuIGRlIHByb2JsZW1hcyBkZQ0KYXByZW5kaXphamUgYXV0b23DoXRpY28iIHNlIGhhbiBkZXNhcnJvbGxhZG8gY29uIGZpbmFuY2lhY2nDs24gZGUgUmVTU2ludC48L3NwYW4+PC9wPg0KPHA+wqA8L3A+DQo8cCBzdHlsZT0idGV4dC1hbGlnbjogY2VudGVyOyI+PCEtLSAvd3A6cGFyYWdyYXBoIC0tPjwvcD4NCjxjZW50ZXI+PCEtLSB3cDpmaWxlIHsiaWQiOjg1MTUxLCJocmVmIjoiaHR0cHM6Ly9haG9sYWIuZWh1LmV1cy9yZXNzaW50L3dwLWNvbnRlbnQvdXBsb2Fkcy8yMDI0LzAyL01UX1hhYmllcl9EZVp1YXpvLnBkZiIsImRpc3BsYXlQcmV2aWV3Ijp0cnVlfSAtLT48L2NlbnRlcj4NCjxkaXYgY2xhc3M9IndwLWJsb2NrLWZpbGUiPjxjZW50ZXI+PG9iamVjdCBjbGFzcz0id3AtYmxvY2stZmlsZV9fZW1iZWQiIHN0eWxlPSJ3aWR0aDogNzUlOyBoZWlnaHQ6IDQwMHB4OyIgZGF0YT0iaHR0cHM6Ly9haG9sYWIuZWh1LmV1cy9kb3dubG9hZC9URk1fWGFiaWVyX1JvbWFuX3dlYi5wZGYiIHR5cGU9ImFwcGxpY2F0aW9uL3BkZiIgd2lkdGg9IjMwMCIgaGVpZ2h0PSIxNTAiIGFyaWEtbGFiZWw9IlRGTV9YYWJpZXJfUm9tYW4ucGRmIj48L29iamVjdD48L2NlbnRlcj4NCjxwIHN0eWxlPSJ0ZXh0LWFsaWduOiBjZW50ZXI7Ij48YSBpZD0id3AtYmxvY2stZmlsZS0tbWVkaWEtODE2NWZhZDktNjcwOC00YjY3LTgwOTktZDllZTI0MjE0ZWQ1IiBocmVmPSJodHRwczovL2Fob2xhYi5laHUuZXVzL2Rvd25sb2FkL1RGTV9YYWJpZXJfUm9tYW5fd2ViLnBkZiI+RG93bmxvYWQgTWFzdGVyIFRoZXNpczwvYT48L3A+DQo8cD7CoDwvcD4NCjxwIHN0eWxlPSJ0ZXh0LWFsaWduOiBjZW50ZXI7Ij48IS0tIC93cDpwYXJhZ3JhcGggLS0+PC9wPg0KPGNlbnRlcj48IS0tIHdwOmZpbGUgeyJpZCI6ODUxNTEsImhyZWYiOiJodHRwczovL2Fob2xhYi5laHUuZXVzL2Rvd25sb2FkL1RGTV9NaXJpYW1Hb256YWxlekF0aWVuemFfMjAyMS5wZGYiLCJkaXNwbGF5UHJldmlldyI6dHJ1ZX0gLS0+PC9jZW50ZXI+DQo8ZGl2IGNsYXNzPSJ3cC1ibG9jay1maWxlIj48Y2VudGVyPjxvYmplY3QgY2xhc3M9IndwLWJsb2NrLWZpbGVfX2VtYmVkIiBzdHlsZT0id2lkdGg6IDc1JTsgaGVpZ2h0OiA0MDBweDsiIGRhdGE9Imh0dHBzOi8vYWhvbGFiLmVodS5ldXMvZG93bmxvYWQvVEZNX01pcmlhbUdvbnphbGV6QXRpZW56YV8yMDIxLnBkZiIgdHlwZT0iYXBwbGljYXRpb24vcGRmIiB3aWR0aD0iMzAwIiBoZWlnaHQ9IjE1MCIgYXJpYS1sYWJlbD0iVEZNX01pcmlhbUdvbnphbGV6QXRpZW56YV8yMDIxLnBkZiI+PC9vYmplY3Q+PC9jZW50ZXI+DQo8cCBzdHlsZT0idGV4dC1hbGlnbjogY2VudGVyOyI+PGEgaWQ9IndwLWJsb2NrLWZpbGUtLW1lZGlhLTgxNjVmYWQ5LTY3MDgtNGI2Ny04MDk5LWQ5ZWUyNDIxNGVkNSIgaHJlZj0iaHR0cHM6Ly9haG9sYWIuZWh1LmV1cy9kb3dubG9hZC9URk1fTWlyaWFtR29uemFsZXpBdGllbnphXzIwMjEucGRmIj5Eb3dubG9hZCBNYXN0ZXIgVGhlc2lzPC9hPjwvcD4NCjwvZGl2Pg==[\/vc_raw_html][\/vc_accordion_tab][vc_accordion_tab title=&#8221;Trabajos de fin de grado&#8221; tab_id=&#8221;1708345933-3-37&#8243;][vc_raw_html]PHAgc3R5bGU9InRleHQtYWxpZ246IGxlZnQ7Ij48c3BhbiBjbGFzcz0iZm9udC1iYXJsb3ciPkxvcyB0cmFiYWpvcyBkZSBmaW4gZGUgZ3JhZG8gICJJbnRlcmZhY2VzIGNlcmVicm8tb3JkZW5hZG9yIGJhc2FkYXMgZW4gRUVHIHBhcmEgbGEgc8OtbnRlc2lzIGRlIHZveiIgeSAiU8OtbnRlc2lzIGRlIHZveiBhIHBhcnRpciBkZSBiaW9zZcOxYWxlcyBkZSBoYWJsYSB1c2FuZG8gdMOpY25pY2FzIGRlIE1hY2hpbmUgTGVhcm5pbmciIHNlIGhhbiBkZXNhcnJvbGxhZG8gY29uIGZpbmFuY2lhY2nDs24gZGUgUmVTU2ludC48L3NwYW4+PC9wPg0KPHA+wqA8L3A+DQo8cCBzdHlsZT0idGV4dC1hbGlnbjogY2VudGVyOyI+PCEtLSAvd3A6cGFyYWdyYXBoIC0tPjwvcD4NCjxjZW50ZXI+PCEtLSB3cDpmaWxlIHsiaWQiOjg1MTUxLCJocmVmIjoiaHR0cHM6Ly9haG9sYWIuZWh1LmV1cy9kb3dubG9hZC9URkdfTWlndWVsRGlhek1hcnRpbl8yMDIzLnBkZiIsImRpc3BsYXlQcmV2aWV3Ijp0cnVlfSAtLT48L2NlbnRlcj4NCjxkaXYgY2xhc3M9IndwLWJsb2NrLWZpbGUiPjxjZW50ZXI+PG9iamVjdCBjbGFzcz0id3AtYmxvY2stZmlsZV9fZW1iZWQiIHN0eWxlPSJ3aWR0aDogNzUlOyBoZWlnaHQ6IDQwMHB4OyIgZGF0YT0iaHR0cHM6Ly9haG9sYWIuZWh1LmV1cy9kb3dubG9hZC9URkdfTWlndWVsRGlhek1hcnRpbl8yMDIzLnBkZiIgdHlwZT0iYXBwbGljYXRpb24vcGRmIiB3aWR0aD0iMzAwIiBoZWlnaHQ9IjE1MCIgYXJpYS1sYWJlbD0iVEZHX01pZ3VlbERpYXpNYXJ0aW5fMjAyMy5wZGYiPjwvb2JqZWN0PjwvY2VudGVyPg0KPHAgc3R5bGU9InRleHQtYWxpZ246IGNlbnRlcjsiPjxhIGlkPSJ3cC1ibG9jay1maWxlLS1tZWRpYS04MTY1ZmFkOS02NzA4LTRiNjctODA5OS1kOWVlMjQyMTRlZDUiIGhyZWY9Imh0dHBzOi8vYWhvbGFiLmVodS5ldXMvZG93bmxvYWQvVEZHX01pZ3VlbERpYXpNYXJ0aW5fMjAyMy5wZGYiPkRvd25sb2FkIEdyYWRlIFRoZXNpczwvYT48L3A+DQo8cD7CoDwvcD4NCjxwIHN0eWxlPSJ0ZXh0LWFsaWduOiBjZW50ZXI7Ij48IS0tIC93cDpwYXJhZ3JhcGggLS0+PC9wPg0KPGNlbnRlcj48IS0tIHdwOmZpbGUgeyJpZCI6ODUxNTEsImhyZWYiOiJodHRwczovL2Fob2xhYi5laHUuZXVzL2Rvd25sb2FkL1RGR19KYXZpZXJMb2JhdG9NYXJ0aW5fMjAyMy5wZGYiLCJkaXNwbGF5UHJldmlldyI6dHJ1ZX0gLS0+PC9jZW50ZXI+DQo8ZGl2IGNsYXNzPSJ3cC1ibG9jay1maWxlIj48Y2VudGVyPjxvYmplY3QgY2xhc3M9IndwLWJsb2NrLWZpbGVfX2VtYmVkIiBzdHlsZT0id2lkdGg6IDc1JTsgaGVpZ2h0OiA0MDBweDsiIGRhdGE9Imh0dHBzOi8vYWhvbGFiLmVodS5ldXMvZG93bmxvYWQvVEZHX0phdmllckxvYmF0b01hcnRpbl8yMDIzLnBkZiIgdHlwZT0iYXBwbGljYXRpb24vcGRmIiB3aWR0aD0iMzAwIiBoZWlnaHQ9IjE1MCIgYXJpYS1sYWJlbD0iVEZHX0phdmllckxvYmF0b01hcnRpbl8yMDIzLnBkZiI+PC9vYmplY3Q+PC9jZW50ZXI+DQo8cCBzdHlsZT0idGV4dC1hbGlnbjogY2VudGVyOyI+PGEgaWQ9IndwLWJsb2NrLWZpbGUtLW1lZGlhLTgxNjVmYWQ5LTY3MDgtNGI2Ny04MDk5LWQ5ZWUyNDIxNGVkNSIgaHJlZj0iaHR0cHM6Ly9haG9sYWIuZWh1LmV1cy9kb3dubG9hZC9URkdfSmF2aWVyTG9iYXRvTWFydGluXzIwMjMucGRmIj5Eb3dubG9hZCBHcmFkZSBUaGVzaXM8L2E+PC9wPg0KPC9kaXY+[\/vc_raw_html][\/vc_accordion_tab][vc_accordion_tab title=&#8221;Ejemplos de audio&#8221; tab_id=&#8221;1708349655923-2-4&#8243;][vc_column_text uncode_shortcode_id=&#8221;195446&#8243;]Hay algunos ejemplos de audio disponibles en:<\/p>\n<p><a href=\"https:\/\/aho-eder.notion.site\/ReSSInt-audio-samples-011ef82cfed6461db1ba6937a329e5b8\">https:\/\/aho-eder.notion.site\/ReSSInt-audio-samples-011ef82cfed6461db1ba6937a329e5b8<\/a><\/p>\n<p>&nbsp;<\/p>\n<p>&nbsp;[\/vc_column_text][\/vc_accordion_tab][vc_accordion_tab title=&#8221;Otros informes&#8221; tab_id=&#8221;1708345933-5-32&#8243;][vc_column_text text_lead=&#8221;yes&#8221; uncode_shortcode_id=&#8221;212028&#8243;]\n<p style=\"text-align: left;\"><span class=\"font-barlow\">Hay disponible informaci\u00f3n adicional.<\/span><\/p>\n<p style=\"text-align: center;\"><!-- \/wp:file --><\/p>\n<p><center><!-- wp:file {\"id\":85151,\"href\":\"https:\/\/aholab.ehu.eus\/download\/Sneha_report.pdf\",\"displayPreview\":true} --><\/center><\/p>\n<div class=\"wp-block-file\">\n<p><center><object class=\"wp-block-file__embed\" style=\"width: 75%; height: 400px;\" data=\"https:\/\/aholab.ehu.eus\/download\/Sneha_report.pdf\" type=\"application\/pdf\" width=\"300\" height=\"150\" aria-label=\"Additional_Report\"><\/object><\/center><\/p>\n<p style=\"text-align: center;\"><a id=\"wp-block-file--media-8165fad9-6708-4b67-8099-d9ee24214ed5\" href=\"https:\/\/aholab.ehu.eus\/download\/Sneha_report.pdf\">Descargar informe<\/a><\/p>\n<\/div>\n<p>[\/vc_column_text][\/vc_accordion_tab][vc_accordion_tab title=&#8221;Tratamiento de datos y comit\u00e9 de \u00e9tica&#8221; tab_id=&#8221;1708345933-5-329&#8243;][vc_column_text text_lead=&#8221;yes&#8221; uncode_shortcode_id=&#8221;212028&#8243;]\n<p style=\"text-align: left;\"><span class=\"font-barlow\"><\/span><\/p>\n<p style=\"text-align: center;\"><!-- \/wp:file --><\/p>\n<p><center><!-- wp:file {\"id\":85151,\"href\":\"https:\/\/aholab.ehu.eus\/download\/C2TI0361.pdf\",\"displayPreview\":true} --><\/center><\/p>\n<div class=\"wp-block-file\">\n<p><center><object class=\"wp-block-file__embed\" style=\"width: 75%; height: 400px;\" data=\"https:\/\/aholab.ehu.eus\/download\/C2TI0361.pdf\" type=\"application\/pdf\" width=\"300\" height=\"150\" aria-label=\"Informe adicional\"><\/object><\/center><\/p>\n<p style=\"text-align: center;\"><a id=\"wp-block-file--media-8165fad9-6708-4b67-8099-d9ee24214ed5\" href=\"https:\/\/aholab.ehu.eus\/download\/C2TI0361.pdf\">Descargar informe<\/a><\/p>\n<\/div>\n<p style=\"text-align: left;\"><span class=\"font-barlow\"><\/span><\/p>\n<p style=\"text-align: center;\"><!-- \/wp:file --><\/p>\n<p><center><!-- wp:file {\"id\":85151,\"href\":\"https:\/\/aholab.ehu.eus\/download\/HojaInformaci\u00f3nYCI.Ressint.pdf\",\"displayPreview\":true} --><\/center><\/p>\n<div class=\"wp-block-file\">\n<p><center><object class=\"wp-block-file__embed\" style=\"width: 75%; height: 400px;\" data=\"https:\/\/aholab.ehu.eus\/download\/HojaInformaci\u00f3nYCI.Ressint.pdf\" type=\"application\/pdf\" width=\"300\" height=\"150\" aria-label=\"Informe adicional\"><\/object><\/center><\/p>\n<p style=\"text-align: center;\"><a id=\"wp-block-file--media-8165fad9-6708-4b67-8099-d9ee24214ed5\" href=\"https:\/\/aholab.ehu.eus\/download\/HojaInformaci\u00f3nYCI.Ressint.pdf\">Descargar fichero<\/a><\/p>\n<\/div>\n<p style=\"text-align: left;\"><span class=\"font-barlow\"><\/span><\/p>\n<p style=\"text-align: center;\"><!-- \/wp:file --><\/p>\n<p><center><!-- wp:file {\"id\":85151,\"href\":\"https:\/\/aholab.ehu.eus\/download\/INFORME_FAVORABLE_M10_2021_269_HERNAEZ_RIOJA.pdf\",\"displayPreview\":true} --><\/center><\/p>\n<div class=\"wp-block-file\">\n<p><center><object class=\"wp-block-file__embed\" style=\"width: 75%; height: 400px;\" data=\"https:\/\/aholab.ehu.eus\/download\/INFORME_FAVORABLE_M10_2021_269_HERNAEZ_RIOJA.pdf\" type=\"application\/pdf\" width=\"300\" height=\"150\" aria-label=\"Fichero adicional\"><\/object><\/center><\/p>\n<p style=\"text-align: center;\"><a id=\"wp-block-file--media-8165fad9-6708-4b67-8099-d9ee24214ed5\" href=\"https:\/\/aholab.ehu.eus\/download\/INFORME_FAVORABLE_M10_2021_269_HERNAEZ_RIOJA.pdf\">Descargar fichero<\/a><\/p>\n<\/div>\n<p>[\/vc_column_text][\/vc_accordion_tab][\/vc_accordion][\/vc_column][\/vc_row]<\/p>\n<\/div>","protected":false},"excerpt":{"rendered":"<p>[vc_row][vc_column width=&#8221;1\/1&#8243;][vc_accordion gutter_simple=&#8221;0&#8243; uncode_shortcode_id=&#8221;150340&#8243; title=&#8221;Resultados&#8221; active_tab=&#8221;0&#8243;][vc_accordion_tab title=&#8221;Base de datos ReSSint&#8221; tab_id=&#8221;1708345933-1-32&#8243;][vc_column_text text_lead=&#8221;yes&#8221; uncode_shortcode_id=&#8221;298138&#8243;] El siguiente documento describe la base de [&hellip;]<\/p>\n","protected":false},"author":3,"featured_media":0,"parent":0,"menu_order":0,"comment_status":"closed","ping_status":"closed","template":"","meta":{"_monsterinsights_skip_tracking":false,"_monsterinsights_sitenote_active":false,"_monsterinsights_sitenote_note":"","_monsterinsights_sitenote_category":0,"footnotes":""},"class_list":["post-85132","page","type-page","status-publish","hentry"],"yoast_head":"<!-- This site is optimized with the Yoast SEO plugin v25.5 - https:\/\/yoast.com\/wordpress\/plugins\/seo\/ -->\n<title>Resultados - ReSSint<\/title>\n<meta name=\"robots\" content=\"index, follow, max-snippet:-1, max-image-preview:large, max-video-preview:-1\" \/>\n<link rel=\"canonical\" href=\"https:\/\/aholab.ehu.eus\/ressint\/es\/resultados\/\" \/>\n<meta property=\"og:locale\" content=\"en_US\" \/>\n<meta property=\"og:type\" content=\"article\" \/>\n<meta property=\"og:title\" content=\"Resultados - ReSSint\" \/>\n<meta property=\"og:description\" content=\"[vc_row][vc_column width=&#8221;1\/1&#8243;][vc_accordion gutter_simple=&#8221;0&#8243; uncode_shortcode_id=&#8221;150340&#8243; title=&#8221;Resultados&#8221; active_tab=&#8221;0&#8243;][vc_accordion_tab title=&#8221;Base de datos ReSSint&#8221; tab_id=&#8221;1708345933-1-32&#8243;][vc_column_text text_lead=&#8221;yes&#8221; uncode_shortcode_id=&#8221;298138&#8243;] El siguiente documento describe la base de [&hellip;]\" \/>\n<meta property=\"og:url\" content=\"https:\/\/aholab.ehu.eus\/ressint\/es\/resultados\/\" \/>\n<meta property=\"og:site_name\" content=\"ReSSint\" \/>\n<meta property=\"article:modified_time\" content=\"2024-05-30T10:00:38+00:00\" \/>\n<meta name=\"twitter:card\" content=\"summary_large_image\" \/>\n<meta name=\"twitter:label1\" content=\"Est. reading time\" \/>\n\t<meta name=\"twitter:data1\" content=\"4 minutes\" \/>\n<script type=\"application\/ld+json\" class=\"yoast-schema-graph\">{\"@context\":\"https:\/\/schema.org\",\"@graph\":[{\"@type\":\"WebPage\",\"@id\":\"https:\/\/aholab.ehu.eus\/ressint\/es\/resultados\/\",\"url\":\"https:\/\/aholab.ehu.eus\/ressint\/es\/resultados\/\",\"name\":\"Resultados - ReSSint\",\"isPartOf\":{\"@id\":\"https:\/\/aholab.ehu.eus\/ressint\/#website\"},\"datePublished\":\"2024-01-23T13:03:50+00:00\",\"dateModified\":\"2024-05-30T10:00:38+00:00\",\"breadcrumb\":{\"@id\":\"https:\/\/aholab.ehu.eus\/ressint\/es\/resultados\/#breadcrumb\"},\"inLanguage\":\"en-US\",\"potentialAction\":[{\"@type\":\"ReadAction\",\"target\":[\"https:\/\/aholab.ehu.eus\/ressint\/es\/resultados\/\"]}]},{\"@type\":\"BreadcrumbList\",\"@id\":\"https:\/\/aholab.ehu.eus\/ressint\/es\/resultados\/#breadcrumb\",\"itemListElement\":[{\"@type\":\"ListItem\",\"position\":1,\"name\":\"Home\",\"item\":\"https:\/\/aholab.ehu.eus\/ressint\/\"},{\"@type\":\"ListItem\",\"position\":2,\"name\":\"Resultados\"}]},{\"@type\":\"WebSite\",\"@id\":\"https:\/\/aholab.ehu.eus\/ressint\/#website\",\"url\":\"https:\/\/aholab.ehu.eus\/ressint\/\",\"name\":\"ReSSint\",\"description\":\"Voice Restauration \\u0003with Silent Speech\\u0003 Interfaces Project\",\"publisher\":{\"@id\":\"https:\/\/aholab.ehu.eus\/ressint\/#organization\"},\"potentialAction\":[{\"@type\":\"SearchAction\",\"target\":{\"@type\":\"EntryPoint\",\"urlTemplate\":\"https:\/\/aholab.ehu.eus\/ressint\/?s={search_term_string}\"},\"query-input\":{\"@type\":\"PropertyValueSpecification\",\"valueRequired\":true,\"valueName\":\"search_term_string\"}}],\"inLanguage\":\"en-US\"},{\"@type\":\"Organization\",\"@id\":\"https:\/\/aholab.ehu.eus\/ressint\/#organization\",\"name\":\"ReSSint\",\"url\":\"https:\/\/aholab.ehu.eus\/ressint\/\",\"logo\":{\"@type\":\"ImageObject\",\"inLanguage\":\"en-US\",\"@id\":\"https:\/\/aholab.ehu.eus\/ressint\/#\/schema\/logo\/image\/\",\"url\":\"https:\/\/aholab.ehu.eus\/ressint\/wp-content\/uploads\/2020\/11\/logo.svg\",\"contentUrl\":\"https:\/\/aholab.ehu.eus\/ressint\/wp-content\/uploads\/2020\/11\/logo.svg\",\"width\":1,\"height\":1,\"caption\":\"ReSSint\"},\"image\":{\"@id\":\"https:\/\/aholab.ehu.eus\/ressint\/#\/schema\/logo\/image\/\"}}]}<\/script>\n<!-- \/ Yoast SEO plugin. -->","yoast_head_json":{"title":"Resultados - ReSSint","robots":{"index":"index","follow":"follow","max-snippet":"max-snippet:-1","max-image-preview":"max-image-preview:large","max-video-preview":"max-video-preview:-1"},"canonical":"https:\/\/aholab.ehu.eus\/ressint\/es\/resultados\/","og_locale":"en_US","og_type":"article","og_title":"Resultados - ReSSint","og_description":"[vc_row][vc_column width=&#8221;1\/1&#8243;][vc_accordion gutter_simple=&#8221;0&#8243; uncode_shortcode_id=&#8221;150340&#8243; title=&#8221;Resultados&#8221; active_tab=&#8221;0&#8243;][vc_accordion_tab title=&#8221;Base de datos ReSSint&#8221; tab_id=&#8221;1708345933-1-32&#8243;][vc_column_text text_lead=&#8221;yes&#8221; uncode_shortcode_id=&#8221;298138&#8243;] El siguiente documento describe la base de [&hellip;]","og_url":"https:\/\/aholab.ehu.eus\/ressint\/es\/resultados\/","og_site_name":"ReSSint","article_modified_time":"2024-05-30T10:00:38+00:00","twitter_card":"summary_large_image","twitter_misc":{"Est. reading time":"4 minutes"},"schema":{"@context":"https:\/\/schema.org","@graph":[{"@type":"WebPage","@id":"https:\/\/aholab.ehu.eus\/ressint\/es\/resultados\/","url":"https:\/\/aholab.ehu.eus\/ressint\/es\/resultados\/","name":"Resultados - ReSSint","isPartOf":{"@id":"https:\/\/aholab.ehu.eus\/ressint\/#website"},"datePublished":"2024-01-23T13:03:50+00:00","dateModified":"2024-05-30T10:00:38+00:00","breadcrumb":{"@id":"https:\/\/aholab.ehu.eus\/ressint\/es\/resultados\/#breadcrumb"},"inLanguage":"en-US","potentialAction":[{"@type":"ReadAction","target":["https:\/\/aholab.ehu.eus\/ressint\/es\/resultados\/"]}]},{"@type":"BreadcrumbList","@id":"https:\/\/aholab.ehu.eus\/ressint\/es\/resultados\/#breadcrumb","itemListElement":[{"@type":"ListItem","position":1,"name":"Home","item":"https:\/\/aholab.ehu.eus\/ressint\/"},{"@type":"ListItem","position":2,"name":"Resultados"}]},{"@type":"WebSite","@id":"https:\/\/aholab.ehu.eus\/ressint\/#website","url":"https:\/\/aholab.ehu.eus\/ressint\/","name":"ReSSint","description":"Voice Restauration \u0003with Silent Speech\u0003 Interfaces Project","publisher":{"@id":"https:\/\/aholab.ehu.eus\/ressint\/#organization"},"potentialAction":[{"@type":"SearchAction","target":{"@type":"EntryPoint","urlTemplate":"https:\/\/aholab.ehu.eus\/ressint\/?s={search_term_string}"},"query-input":{"@type":"PropertyValueSpecification","valueRequired":true,"valueName":"search_term_string"}}],"inLanguage":"en-US"},{"@type":"Organization","@id":"https:\/\/aholab.ehu.eus\/ressint\/#organization","name":"ReSSint","url":"https:\/\/aholab.ehu.eus\/ressint\/","logo":{"@type":"ImageObject","inLanguage":"en-US","@id":"https:\/\/aholab.ehu.eus\/ressint\/#\/schema\/logo\/image\/","url":"https:\/\/aholab.ehu.eus\/ressint\/wp-content\/uploads\/2020\/11\/logo.svg","contentUrl":"https:\/\/aholab.ehu.eus\/ressint\/wp-content\/uploads\/2020\/11\/logo.svg","width":1,"height":1,"caption":"ReSSint"},"image":{"@id":"https:\/\/aholab.ehu.eus\/ressint\/#\/schema\/logo\/image\/"}}]}},"_links":{"self":[{"href":"https:\/\/aholab.ehu.eus\/ressint\/wp-json\/wp\/v2\/pages\/85132","targetHints":{"allow":["GET"]}}],"collection":[{"href":"https:\/\/aholab.ehu.eus\/ressint\/wp-json\/wp\/v2\/pages"}],"about":[{"href":"https:\/\/aholab.ehu.eus\/ressint\/wp-json\/wp\/v2\/types\/page"}],"author":[{"embeddable":true,"href":"https:\/\/aholab.ehu.eus\/ressint\/wp-json\/wp\/v2\/users\/3"}],"replies":[{"embeddable":true,"href":"https:\/\/aholab.ehu.eus\/ressint\/wp-json\/wp\/v2\/comments?post=85132"}],"version-history":[{"count":54,"href":"https:\/\/aholab.ehu.eus\/ressint\/wp-json\/wp\/v2\/pages\/85132\/revisions"}],"predecessor-version":[{"id":85329,"href":"https:\/\/aholab.ehu.eus\/ressint\/wp-json\/wp\/v2\/pages\/85132\/revisions\/85329"}],"wp:attachment":[{"href":"https:\/\/aholab.ehu.eus\/ressint\/wp-json\/wp\/v2\/media?parent=85132"}],"curies":[{"name":"wp","href":"https:\/\/api.w.org\/{rel}","templated":true}]}}